) = 5*c - 38. What is v(17)?
47
Let b(v) = -v**2 - v + 15. What is b(-6)?
-15
Let s(j) = j**2 + 9*j - 2. What is s(-8)?
-10
Let s(t) = -t + 19. What is s(11)?
8
Let r(n) = -n**3 + 5*n**2 + 6*n - 34. What is r(4)?
6
Let a(w) = 10*w - 102. Calculate a(11).
8
Let c(h) = -h**3 - 16*h**2 + 16*h + 20. Determine c(-17).
37
Let b(d) = -d**3 - 13*d**2 + 30*d - 12. Determine b(-15).
-12
Let x(j) = -j**2 - j - 3. Determine x(-3).
-9
Let c(r) = r**3 + 2*r**2 + r + 15. Give c(0).
15
Let w(q) = 2*q**2 - 7*q - 7. Calculate w(-1).
2
Let j(t) = 2*t - 5. Calculate j(3).
1
Let t(z) = 43*z + 1. Give t(-1).
-42
Let c(b) = 39*b**2 + b. Determine c(-1).
38
Let b(n) = 16*n + 32. What is b(-4)?
-32
Let c(a) = -a**2 + 3*a + 4. Determine c(5).
-6
Let o(g) = -2*g**2 + 3*g - 2. Determine o(4).
-22
Let k(b) = -b**3 - 2*b**2 + 5*b - 3. What is k(-4)?
9
Let c(f) = f**3 - 4*f**2 - 6*f - 3. Calculate c(5).
-8
Let o(n) = -n**3 - 9*n**2 + 35*n - 2. Give o(-12).
10
Let h(t) = t**3 - 16*t**2 - 19*t + 37. What is h(17)?
3
Let q(m) = m**3 - 10*m**2 - 8*m + 3. Calculate q(11).
36
Let w(u) = -35*u. Calculate w(-2).
70
Let q(t) = -t**3 + 8*t**2 + 16*t + 10. Give q(10).
-30
Let y(v) = -v**2 - 15*v + 15. Give y(-16).
-1
Let v(x) = -x**3 - 11*x**2 - 10*x + 1. Calculate v(-10).
1
Let w(p) = 78*p**2 + p. Give w(-1).
77
Let j(z) = -2*z - 17. Give j(-6).
-5
Let b(v) = v - 8. Give b(9).
1
Let m(i) = i**2 + 16*i + 14. What is m(-14)?
-14
Let z(w) = -4*w**2 + 3*w + 1. Give z(-1).
-6
Let z(m) = -2*m**3 - 5*m**2 - 4*m - 3. Determine z(-2).
1
Let f(k) = k**2 + 12*k - 11. Determine f(-9).
-38
Let l(n) = n**3 - 8*n**2 - 10*n - 5. What is l(9)?
-14
Let f(s) = 2*s**2 + 27*s + 64. Give f(-3).
1
Let z(p) = 2*p**2 + 2*p + 5. Calculate z(3).
29
Let p(j) = 2*j - 45. Determine p(22).
-1
Let j(s) = 2*s + 17. Determine j(-7).
3
Let d(b) = -2*b**3 + 27*b**2 + 15*b + 3. Give d(14).
17
Let k(s) = 2*s - 19. What is k(16)?
13
Let p(v) = -v**3 + 5*v**2 - 6*v + 6. What is p(4)?
-2
Let r(g) = -3*g**2. What is r(-1)?
-3
Let z(w) = -2*w**3 + 12*w**2 + 2*w - 9. Determine z(6).
3
Let b(c) = -18*c + 575. What is b(32)?
-1
Let r(b) = b**2 + 5*b - 16. Give r(-6).
-10
Let u(g) = -2*g**2 - 35*g - 5. Give u(-17).
12
Let n(r) = 5*r + 19. What is n(-7)?
-16
Let y(f) = 2*f**2 - 15*f - 9. Give y(11).
68
Let v(o) = -o**3 - 9*o**2 + 1. Determine v(-9).
1
Let d(m) = m**3 - 12*m**2 - 12*m + 19. What is d(13)?
32
Let i(x) = 3*x. Calculate i(-10).
-30
Let s(k) = -2*k - 25. Determine s(-14).
3
Let f(d) = 54*d. What is f(1)?
54
Let m(h) = -2*h**3 - 24*h**2 + 3. Calculate m(-12).
3
Let n(i) = -i**3 - 17*i**2 + 5. Determine n(-17).
5
Let f(u) = -u**2 - u + 19. Calculate f(0).
19
Let l(v) = -6*v - 3. Give l(12).
-75
Let l(m) = m**3 - 31*m**2 + 59*m - 30. What is l(29)?
-1
Let r(p) = p + 12. Determine r(-16).
-4
Let w(y) = -3*y**2 + 14*y - 25. Calculate w(2).
-9
Let b(f) = -2*f**2 + 3*f + 5. Calculate b(4).
-15
Let c(h) = 2*h**2 - 21*h - 9. Give c(11).
2
Let l(s) = s**3 - 46*s**2 - 46*s - 34. What is l(47)?
13
Let m(j) = -2*j**2 - 10*j + 4. Calculate m(-6).
-8
Let q(b) = -3*b + 5. Give q(5).
-10
Let d(g) = g**2 + 6*g + 3. Calculate d(6).
75
Let z(g) = -g**3 - g**2 - 2*g - 3. What is z(-2)?
5
Let s(g) = -g + 3. Calculate s(6).
-3
Let v(y) = 35*y**3 + y. What is v(-1)?
-36
Let x(k) = -k**3 + 4*k**2 - 4*k + 2. Determine x(4).
-14
Let b(v) = v**3 - 5*v**2 + 3*v - 3. Calculate b(3).
-12
Let m(a) = -a**3 - 3*a**2 + 2*a - 1. What is m(-4)?
7
Let k(m) = m**2 - 15*m - 5. Give k(10).
-55
Let o(m) = m**3 - 4*m**2 - 5*m + 7. Determine o(4).
-13
Let r(o) = 4*o + 2. What is r(18)?
74
Let c(a) = 16*a. Calculate c(2).
32
Let n(t) = -t**3 - 9*t**2 - t - 7. Determine n(-9).
2
Let k(n) = -n**3 + 10*n**2 - 12*n + 11. What is k(9)?
-16
Let x(i) = i**3 - 13*i - 19. Calculate x(-3).
-7
Let d(y) = y**2 + 4*y - 17. Give d(5).
28
Let a(l) = l - 5. What is a(4)?
-1
Let m(p) = p**3 + 8*p**2 - 14*p + 52. What is m(-10)?
-8
Let r(l) = l**3 - 6*l**2 - 5*l + 3. What is r(7)?
17
Let v(b) = -b**2 - 29*b + 84. Give v(-31).
22
Let u(a) = -2*a**2 + 7*a - 24. What is u(6)?
-54
Let p(u) = u + 11. Give p(8).
19
Let v(u) = -u**3 - 9*u**2 - 23*u - 24. Calculate v(-6).
6
Let n(u) = 7*u + 19. Determine n(-3).
-2
Let n(u) = u**2 + 12*u + 31. Calculate n(-9).
4
Let d(g) = -g**2 + 3*g + 10. Give d(6).
-8
Let u(r) = -2*r**3 - 13*r**2 - 10*r - 3. Determine u(-6).
21
Let h(x) = x**2 - 15*x - 28. Determine h(15).
-28
Let t(p) = -p**2 - 27*p + 3. Give t(-4).
95
Let q(a) = -9*a + 75. Calculate q(-6).
129
Let o(c) = c**3 - 34*c**2 + 32*c + 26. Calculate o(33).
-7
Let g(s) = -38*s - 1175. Determine g(-31).
3
Let p(s) = s**3 - 3*s**2 + s - 3. Give p(3).
0
Let n(j) = j - 26. Calculate n(11).
-15
Let m(v) = 13*v - 595. Give m(46).
3
Let z(y) = y**2 - 6*y - 1. Give z(9).
26
Let d(n) = n - 19. Determine d(9).
-10
Let z(o) = -o**3 - 9*o**2 + 3*o + 28. Determine z(-9).
1
Let c(d) = d - 7. Give c(6).
-1
Let p(z) = z + 6. What is p(-2)?
4
Let p(y) = -y**2 - 8*y + 7. Calculate p(-7).
14
Let f(r) = r - 32. What is f(19)?
-13
Let g(p) = -13*p + 14. Determine g(6).
-64
Let v(u) = -u**3 - 12*u**2 - 8*u + 34. What is v(-11)?
1
Let k(w) = -w**3 + 2*w**2. What is k(4)?
-32
Let k(p) = 3*p**2 - p + 1. Determine k(1).
3
Let i(q) = q**2 - 14*q + 34. Determine i(8).
-14
Let m(x) = -x**2 + 14*x + 10. Calculate m(19).
-85
Let w(x) = x**2 - 14*x - 3. What is w(15)?
12
Let b(k) = -k**3 + 8*k**2 - 15*k + 23. Calculate b(6).
5
Let s(u) = 4*u - 4. Give s(4).
12
Let b(q) = q**2 - 8*q + 6. What is b(6)?
-6
Let b(p) = -2*p**3 + 4*p**2 + 5*p + 5. Give b(-2).
27
Let f(v) = -5*v**2 + 55*v - 46. Determine f(10).
4
Let i(t) = -44*t - 1. Calculate i(1).
-45
Let m(o) = -2*o + 6. What is m(12)?
-18
Let i(b) = 2*b**2 + 43*b + 60. Give i(-20).
0
Let d(q) = q**3 - 11*q**2 + 11*q + 21. Determine d(9).
-42
Let l(x) = -x**3 + 6*x**2 - 7*x + 90. Calculate l(7).
-8
Let c(k) = k**2 - 2*k + 1. Determine c(1).
0
Let x(k) = k**3 - k**2 - 2*k + 2. Determine x(3).
14
Let g(n) = -5*n + 4. Give g(1).
-1
Let k(o) = -3*o - 4. Give k(-5).
11
Let m(d) = -d**2 - 12*d + 21. What is m(-9)?
48
Let f(a) = -a**2 - 11*a - 9. Give f(-11).
-9
Let u(d) = -d**2 - 7*d + 43. What is u(-9)?
25
Let g(u) = 3*u - 7. What is g(6)?
11
Let n(a) = 8*a**2 + 46*a - 6. Calculate n(-6).
6
Let r(w) = -10*w + 239. Determine r(24).
-1
Let y(m) = -m**2 - 14*m + 5. Calculate y(-22).
-171
Let d(k) = -k**3 - 14*k**2 - 27*k - 6. Calculate d(-11).
-72
Let a(c) = c**3 + 4*c**2 + c + 5. What is a(0)?
5
Let s(a) = -17*a - 2. What is s(-2)?
32
Let y(a) = -a**3 - 4*a**2 - 3*a + 3. Determine y(-4).
15
Let z(i) = i**2 + 8*i - 4. What is z(-9)?
5
Let y(w) = -3*w**3 + 20*w**2 + 7*w + 4. Determine y(7).
4
Let j(o) = 3*o**2 - o - 4. Calculate j(3).
20
Let p(j) = j - 13. Calculate p(19).
6
Let w(h) = 4*h + 59. Give w(-10).
19
Let b(x) = x**3 + 13*x**2 + 8*x - 35. Determine b(-12).
13
Let m(n) = 199*n**3 - n**2 - n. Determine m(-1).
-199
Let b(n) = 12*n**3 + 2*n**2 - 9*n - 10. Calculate b(-1).
-11
Let d(u) = -u + 19. Determine d(15).
4
Let q(v) = 46*v - 1421. Give q(31).
5
Let b(s) = 7*s - 1. What is b(9)?
62
Let i(r) = -10*r**2. Give i(1).
-10
Let b(u) = -2*u**2 + 3*u + 1. What is b(4)?
-19
Let t(h) = 6*h + 17. What is t(-6)?
-19
Let a(c) = -c**3 - 7*c**2 + 2*c - 6. Calculate a(-8).
42
Let f(o) = -3*o**2. Give f(-2).
-12
Let u(x) = -38*x - 225. What is u(-6)?
3
Let x(b) = -b**2 + 21*b - 19. Calculate x(15).
71
Let c(t) = 3*t**2 - 91*t + 204. Calculate c(28).
8
Let u(q) = 4*q**2 + 174*q + 97. Give u(-43).
11
Let i(t) = t**2 + t - 43. Give i(0).
-43
Let o(v) = v**2 + 10*v + 10. Determine o(-14).
66
Let b(z) = -9*z - 72. Calculate b(-7).
-9
Let z(s) = 7*s + 7. What is z(-3)?
-14
Let i(n) = -3*n**2 + 4*n - 2. What is i(2)?
-6
Let l(u) = -97*u - 2. Give l(-1).
95
Let n(m) = -m**3 + 5*m**2 - 5*m + 1. Determine n(4).
-3
Let x(s) = s**3 - 5*s**2 + 4*s - 61. Determine x(6).
-1
Let z(g) = 7*g - 81. Give z(10).
-11
Let p(a) = -4*a - 9. Determine p(-7).
19
Let d(u) = 36*u + 34. Determine d(-1).
-2
Let g(b) = -14*b - 62. What is g(-5)?
8
Let k(x) = x**3 + 9*x**2 + 8*x. Calculate k(-8).
0
Let p(m) = 2*m**2 + 14*m + 10. Determine p(-7).
10
Let y(u) = -u**2 - 19*u - 6. Give y(-17).
28
Let j(b) = -b**2 + 5*b + 5. Calculate j(7).
-9
Let b(w) = -w**3 - 6*w**2 - 2*w - 10. Give b(-6).
2
Let s(d) = -d - 19. What is s(